ose -4*w - 298 = -2*b, -5*w - 587 = -2*b - 2*b. Let i = 2 + 11. What is the highest common factor of b and i?
13
Let k(v) = 2*v + 7. Let l be k(-6). Let r be (1/(-1))/(1/l). Let i be 59/3 - (-2)/6. What is the highest common factor of r and i?
5
Let j(w) = w**3 + 13*w**2 - 12*w + 33. Let y be j(-14). What is the greatest common factor of 1 and y?
1
Suppose 4*w + 36 = -4. Let i be (-4)/10 - 44/w. What is the greatest common divisor of i and 36?
4
Suppose o + 15 = 4*o. Suppose 70 = -o*y + 2*i, -4*y + 8*i = 4*i + 68. Let q = -1 - y. Calculate the highest common divisor of 88 and q.
11
Let n be -1 + 2/(-2) - -3. Let i be (-8)/(-2) + -2*n. Suppose 6*u + 4 = -r + 2*u, -r = -2*u - 14. Calculate the greatest common divisor of i and r.
2
Suppose 1 = s - 2, 5*s = 5*k + 205. Let a = 102 + k. Let c(v) = 9*v - 1. Let m be c(1). What is the greatest common factor of a and m?
8
Let q(g) = g**2 + 5*g - 4. Let j be q(-6). What is the highest common factor of j and 8?
2
Let f(b) = b**3 - 6*b**2 - 5. Let o be f(6). Let j = 6 + o. Let a(x) = 59*x**2 + x. Let d be a(j). What is the greatest common divisor of d and 24?
12
Suppose -4*w - 15 = 5*x, -3*x - w + 18 = -4*w. Let y = x - -1. Let d be -1 + 18/(y + 1). Calculate the greatest common factor of 40 and d.
5
Let y = 188 - 164. Let k be (2 + 7)*4/6. Calculate the highest common divisor of y and k.
6
Suppose 0*h = 2*h - 4. Suppose 5*l - h*d + 6 - 2 = 0, 15 = -5*d. Let s be (-2)/(8/l)*2. What is the greatest common divisor of 9 and s?
1
Let i(z) = -z + 2. Suppose 70 = -4*x + 10. Let v be i(x). Calculate the highest common divisor of 136 and v.
17
Let l be (-15)/(-4)*(1 + 3). Let m be (12/(-15))/((-2)/l). Let t be 74/m - (-1)/(-3). Calculate the greatest common divisor of t and 132.
12
Let f(r) = r**3 + 9*r**2 + 5*r + 11. Let v be f(-8). Let o be (-9)/12 - v/(-4). What is the highest common factor of o and 40?
8
Let k be (-3)/(-2) - 3/6. Let n(v) = -3*v - 4. Let d be n(-5). Calculate the greatest common divisor of d and k.
1
Let u = 126 - 119. What is the greatest common factor of 91 and u?
7
Suppose -2*m + k + 35 = 0, 3*m + 4*k = 2*k + 56. Calculate the greatest common factor of 18 and m.
18
Let b = -1 - -1. Suppose 0*j = -3*l - j - 2, b = -l + 2*j + 11. Let g be 2/(-10) + (-66)/180*-6. What is the highest common divisor of l and g?
1
Suppose -3*h = -13 - 5. Let x(f) = 5*f - 9. Let p be x(h). Let i be (228 - -2) + 0 + 1. Calculate the highest common divisor of i and p.
21
Let t(j) = 11*j - 7. Let o be t(7). Calculate the highest common factor of 35 and o.
35
Let w be (-12)/(-16) + (-89)/(-4). What is the highest common factor of 230 and w?
23
Suppose 150 = y + y. Suppose 33 = j + 3. Calculate the highest common divisor of j and y.
15
Let m = -2 + 5. Suppose 32 = a + m*a. Let k(x) = -2*x**3 - 5*x**2 - 2*x + 1. Let q be k(-3). Calculate the greatest common factor of q and a.
8
Let j(t) = 8*t + 7. Let r be j(5). Let s be (-1)/(-3 - r/(-16)). What is the highest common factor of s and 32?
16
Suppose -c - 16 = 4*r, r - 2*r - 2*c = -3. Let u be r + 1 + 1 + 19. Calculate the highest common factor of u and 4.
4
Suppose k = 8 - 3. Suppose -3*r - 4*h = 0, -k*r - 3*h = h. Suppose -5*c - 7 + 32 = r. What is the greatest common factor of 45 and c?
5
Let f be -11 + 12 - -1*8. What is the greatest common factor of 6 and f?
3
Let i = 7 + -3. Suppose n - i*n = 39. Let m be n/3*(-3)/1. What is the highest common factor of m and 143?
13
Let r(q) = -48*q + 3. Let z = 24 - 26. Let c be r(z). Suppose 17 + 43 = 5*d - a, -4*a - 20 = 0. Calculate the greatest common factor of d and c.
11
Suppose 2*l - 580 = -2*l. Let d = l - 91. Let n be d/4*48/18. What is the greatest common divisor of n and 24?
12
Let x(z) = -2*z + 5. Let g be x(4). Let d(u) = -u**3 - u**2 + 3*u + 2. Let c be d(g). Calculate the highest common divisor of c and 88.
11
Suppose -5*t + 12 = -t. Let y be (t/4)/(1/4). Let j be (-1 - -43)*1/y. Calculate the highest common factor of j and 14.
14
Suppose u + 2*u - 4*b - 2 = 0, -2*u = -2*b - 2. Suppose 5 = r - u. Calculate the highest common factor of 21 and r.
7
Suppose 15 + 0 = 5*i. Suppose i*l + l - 48 = 0. Calculate the greatest common factor of l and 4.
4
Let r(g) = -7*g + 5. Let u be r(-4). Calculate the highest common divisor of 297 and u.
33
Let a be 6/27 - (-16)/9. Suppose 0*o = -a*o + 20. Let p(q) = -q**3 + 6*q - 5. Let s be p(-5). Calculate the highest common divisor of s and o.
10
Let p be 2/(-5) + 114/10. Suppose h - p + 0 = 0. Suppose 47 = 4*j + h. What is the highest common divisor of 18 and j?
9
Let l(g) = 8*g - 30. Let h be l(20). Calculate the greatest common factor of h and 10.
10
Let f(t) = -16*t - 30. Let s be f(-10). Calculate the highest common factor of s and 26.
26
Let a = -5 + 12. Calculate the highest common divisor of 77 and a.
7
Suppose 4*g - 792 = 2*b - 3*b, -2*b - 207 = -g. Let y = 290 - g. Calculate the greatest common divisor of 13 and y.
13
Suppose -6*t + t + 117 = 3*q, 2*t - 51 = 3*q. What is the greatest common divisor of t and 216?
24
Suppose u + 4*u = 5*a + 75, 3*u + 3*a - 63 = 0. Let g be ((-3)/(-12) + -1)*-24. What is the greatest common factor of u and g?
18
Suppose 6*q - 3*q = 27. Calculate the highest common factor of q and 36.
9
Let p = -11 - -20. Let a = -2 - -5. Calculate the highest common divisor of a and p.
3
Suppose 0 = 4*x - 2 + 6. Let a be x - -1 - (-2 - 3). Let l be (-172)/(-5) + (-2)/a. What is the highest common divisor of 51 and l?
17
Let o be (4/(-4))/((-2)/20). Let h be (-49)/(-14)*(-20)/14*-2. What is the highest common factor of h and o?
10
Let n = -4 + 6. Let k be (1 - 0) + n - 1. What is the greatest common factor of k and 4?
2
Suppose 0 = -p + 8 - 0. What is the highest common factor of p and 8?
8
Let m(y) = y - 6. Let u be m(6). Suppose -11*j + 12*j - 21 = u. Calculate the greatest common factor of j and 3.
3
Suppose -3*c - 478 = b, 0 = 2*c + b + 122 + 195. Let u = c + 348. Calculate the greatest common divisor of u and 17.
17
Let f be (-4)/(-14) + (-94)/(-14). Let l be 310/f - 4/14. Suppose -4 = -4*z - 3*k, -z + 5*k + 8 = -4*z. Calculate the highest common divisor of z and l.
4
Let l = -23 - -48. Suppose 3*h + j - 121 = 0, 4*h + j - 4*j - 170 = 0. Let o = h - l. Calculate the greatest common factor of o and 128.
16
Let u be (36/10)/((-6)/(-15)). Let z = 23 - u. Suppose -3*o = 0, 3*y + o - 116 = 136. What is the highest common factor of z and y?
14
Let v be 4/6*3/2. Let u = -56 - -60. Let r = u - v. What is the highest common factor of r and 6?
3
Let h(t) = -t**2 + 12*t + 5. Let z be h(11). Calculate the greatest common factor of 4 and z.
4
Suppose -5*d + 66 = 6. Calculate the greatest common divisor of d and 60.
12
Let r = 195 + -153. What is the highest common factor of r and 6?
6
Suppose 3*q + 12 + 12 = 0. Let i be ((-4)/q)/((-1)/(-8)). Let o be (3 - i) + 48 + 1. What is the highest common factor of 32 and o?
16
Let a = -40 - -44. What is the highest common divisor of 28 and a?
4
Let r be -536*5/(-90) - 4/(-18). Calculate the greatest common divisor of 18 and r.
6
Let c(h) = -h**2 + 15*h - 9. Let x be c(11). What is the greatest common factor of x and 14?
7
Suppose -17*d + 2 = -15*d. Calculate the greatest common divisor of d and 8.
1
Let x be (5 + 2)*136/28. Calculate the highest common divisor of 85 and x.
17
Let g be -3*(490/(-15) - -1). Suppose 5*u + 2*p - 207 = 0, -4*u = -0*u + p - 165. Let c = u + -3. What is the highest common divisor of g and c?
19
Let f be 56/70 - (-142)/10. What is the highest common factor of f and 9?
3
Let g = 12 + 5. Let d = -99 + 174. Suppose -v + d = 4*v - 2*r, 4*v - 63 = r. What is the greatest common divisor of v and g?
17
Let r(g) be the second derivative of 2*g**3 - g**2/2 + 2*g. Let h be r(2). Calculate the greatest common divisor of 23 and h.
23
Suppose 5*q - 2*q = 3*r - 9, r - 5*q = -17. Let n = r + 14. Calculate the greatest common divisor of n and 33.
11
Suppose 0 = -3*o + 14 + 7. What is the highest common factor of 7 and o?
7
Let k = 36 - 14. Calculate the greatest common factor of 2 and k.
2
Suppose 0 = 3*d - 73 + 67. What is the highest common factor of d and 2?
2
Let s = 39 - 26. What is the greatest common divisor of 39 and s?
13
Suppose 0 = -2*x + 6*x + 2460. Let h(j) = j**3 + 3*j**2 - 2*j - 1. Let t be h(-4). Let